= j - 57. What are the prime factors of j?
19
Let x(u) = -2*u + 1. Let s be x(-4). Let y = s + -19. What are the prime factors of 28/5 + (-4)/y?
2, 3
What are the prime factors of (5 + -29)*6/(-8)?
2, 3
Let u = 34 + -1. Suppose 0 = t - d - d - u, t - d = 31. What are the prime factors of t?
29
Let q(t) = t**3 - 6*t**2 + t - 1. Let n be q(6). Suppose 2*v - n*p = 83, p = -3*v + 6*p + 127. List the prime factors of v.
2, 11
Suppose 3*w - 128 = 2*f - f, -w - f + 36 = 0. Let n = w - 27. List the prime factors of n.
2, 7
Let j(f) = -f**2 - 4*f - 2. Let p be j(-4). Let c(s) = s**2 - 2*s + 10. Let x be c(0). Let b = x + p. What are the prime factors of b?
2
List the prime factors of 10 + -3 + (-1)/1.
2, 3
Let j = -13 - -18. Suppose 0 = -2*t, 5*t + 37 = j*m - 13. List the prime factors of m.
2, 5
Let w(v) = -v**2 - 3*v. Let x be w(-3). Suppose 6 = 3*a - x. Suppose 2*g + g + 3*s = 9, 6 = a*g - 2*s. List the prime factors of g.
3
Suppose -4*l + 5*s = 3*s - 42, 0 = -l + 3*s + 18. Suppose -2*b - 77 = -5*n + b, n + b = l. List the prime factors of n.
13
List the prime factors of (13 - -6) + 5 + -1.
23
Let j(y) = 3*y - 1. Let f be j(3). Suppose -6 = -f*g + 5*g. What are the prime factors of g?
2
Let k(g) = g**2 + 8*g - 6. Let z be k(-9). Let v = z + 2. What are the prime factors of 11 - (0 + -2 + v)?
2
Suppose -2 + 5 = -3*u + 3*w, 5*w - 13 = 3*u. What are the prime factors of u?
2
Let v be (0 + 6)*2/3. What are the prime factors of -3 + 0 + v + 3?
2
Suppose -3*o + u + 171 = o, 0 = -2*o - 3*u + 89. What are the prime factors of o?
43
Suppose z - 4 = -0*z. What are the prime factors of z?
2
Let t(k) = k**3 - 4*k**2 + 4*k - 6. Suppose 0*x + x = 17. Suppose 4*f = -20, 0 = -4*q - f - 6 + x. List the prime factors of t(q).
2, 5
Let k be 291/2 + 21/(-14). Suppose k = b + 3*b. What are the prime factors of b?
2, 3
Let f = -6 + 8. Suppose 6 = f*x + x. List the prime factors of (0 - x)*(-18)/4.
3
Let l be 10 - (6 + 0)/(-3). Let c be (-1 - 0)*(-2)/(-2). List the prime factors of c/(3/(-2))*l.
2
Suppose -10 - 18 = -b. Suppose -a = -2*v - b, 3*a + 55 = 5*a - 3*v. What are the prime factors of a?
2, 13
Suppose 6*h - 3*h - u - 329 = 0, -15 = 3*u. What are the prime factors of h?
2, 3
Suppose 3*m = 4*k - 6, 5*m + 0*k + 10 = -3*k. Let g be 1/(0 - (-2)/(-12)). Let p = m - g. List the prime factors of p.
2
Let d(j) = j**3 - 13*j**2 + 15*j - 15. Let i be d(11). Let a = i + 131. What are the prime factors of a?
3, 13
Let i(p) = p**3 - p**2 - 4*p. Let g be i(3). Let h be (g/8)/(2/16). Suppose h*u = u + 10. List the prime factors of u.
2
Suppose -y + 1 = -4. Suppose 2*i = y*i - 12. Suppose i = -2*m - 2, -2*s + 5*m = -35. What are the prime factors of s?
2, 5
Let t(w) = 30*w - 10. List the prime factors of t(13).
2, 5, 19
Let o(p) = p**3 - 5*p**2 + 2. Let h be o(5). Suppose 8 - h = j. What are the prime factors of j?
2, 3
Let y = -27 - -26. List the prime factors of y/((-202)/100 - -2).
2, 5
Suppose 2*p - 5*t - 17 = -0*p, 79 = 4*p - t. Let x = 34 - p. What are the prime factors of x?
13
Let n(y) = -y**3 - y + 1. List the prime factors of n(-3).
31
Let b(f) = -f**2 + 11*f + 7. What are the prime factors of b(8)?
31
Let b(n) be the second derivative of -3*n**2 + 5/6*n**3 + 0 - 2*n. What are the prime factors of b(4)?
2, 7
Let q(f) = -f**2 - 11*f - 4. What are the prime factors of q(-9)?
2, 7
Let u(r) = -r**2 + 5*r. Let p be u(6). What are the prime factors of (-3)/9 - 104/p?
17
Let g(v) = v**2 - 4. Let r be g(-6). What are the prime factors of (-1)/(-4) + 760/r?
2, 3
Let r = -26 - -53. Let m = -7 + r. What are the prime factors of m?
2, 5
Let k = -5 - -40. What are the prime factors of k?
5, 7
Let d = 104 + 33. List the prime factors of d.
137
Let q = 220 - -13. List the prime factors of q.
233
Suppose -14 = 5*y - 4. List the prime factors of (-8)/10*5/y.
2
Suppose 4*g + 3*r = -r + 20, 5*g = 4*r + 52. Suppose p = o + o + g, 3*o = -p + 8. Let k = p + 0. What are the prime factors of k?
2
Let h be 2/(-9) + 220/99. Suppose -5*m = -h*p + 52, -2*p + 17 = 4*m + 1. What are the prime factors of p?
2
Let s = -3 + -5. Let u = 11 + s. Suppose -m = -u - 3. List the prime factors of m.
2, 3
Let v(l) = -8*l + 2. Let r be v(-2). Let u be -2 + 1*2/(-1). List the prime factors of u/r + 74/9.
2
Let c be (-4)/(-14) - 86/7. Suppose 8 = -k - 3*k. Let v = k - c. List the prime factors of v.
2, 5
Suppose -17 = -i + 3*n, -17 - 51 = -4*i - 3*n. Let h = i + -10. List the prime factors of h.
7
Let o = 2 + 0. Suppose 0 = -n + q + 3 - 2, 5*n = 4*q + 7. Suppose -3 = -o*w - s, 0 = -5*w - 0*s - 4*s + n. List the prime factors of w.
3
Let r(d) be the third derivative of d**9/6048 + d**7/5040 - d**6/720 + d**5/60 + d**2. Let j(b) be the third derivative of r(b). List the prime factors of j(1).
2, 5
Let y(d) = d**2 + 7*d - 4. Let u(s) = s - 1. Let f(o) = -3*u(o) + y(o). What are the prime factors of f(4)?
31
Let z be 4/2 + 2*-1. Suppose 5*a = 3*b + 37, z = 2*b + 5*a - 21 + 4. Let f = 6 + b. List the prime factors of f.
2
Suppose 0 = 3*d - 0 - 6. Suppose -4*x - 3*h + 41 = 0, 0 = -2*x - x - d*h + 31. List the prime factors of x.
11
Let y(n) = 24*n**2 + 6*n - 7. What are the prime factors of y(1)?
23
Let w be (-2)/3 + (-10)/(-6). What are the prime factors of 14 - (3 + w)/(-2)?
2
Let g be 0 + 3*(-6)/(-9). Let x(b) = b**2 - b + 2. Let f be x(g). Suppose -68 = c - 4*c + f*q, 3*c = -5*q + 23. What are the prime factors of c?
2
Let c be -1 + 18 - (-2 - -3). Let w = 37 - c. List the prime factors of w.
3, 7
Let p(i) = i**2 + 1 - 2 - 4*i - 2. Let s = 20 + -14. List the prime factors of p(s).
3
Suppose 6*o - 1 = o + 3*u, -2*o + 2 = -2*u. Let d = 4 - o. Suppose -d*m = -0*m - 5, 2*m - 14 = -3*l. List the prime factors of l.
2
Let d(y) be the second derivative of -y**3 - 2*y**2 - 3*y. What are the prime factors of d(-4)?
2, 5
Let d(m) = 5*m**3 + 3*m**2 + 2*m. Let p be d(-2). Let u = p + 68. What are the prime factors of u?
2, 3
Let v(o) = -3*o + 7. What are the prime factors of v(-7)?
2, 7
Let z(t) = t**2. Let k be z(-1). Let b(c) = 0 + k - 2 - 5*c. What are the prime factors of b(-1)?
2
Suppose -n = -5*n + 208. What are the prime factors of n?
2, 13
Let m = 6 + -4. List the prime factors of 54/(-4)*m/(-3).
3
Suppose -m - 1 = y, 0 = 2*y + 5*m - 4*m - 2. Suppose 0 = y*l - 65 - 10. List the prime factors of l.
5
Let n(f) = -4 - f**2 + f + 0*f**2 - 8*f. What are the prime factors of n(-5)?
2, 3
Let p(n) = -n**3 - 8*n**2 + 7*n - 13. Suppose -3*x + 7*x + 36 = 0. Let w be p(x). Let c = -3 + w. List the prime factors of c.
2
Suppose -z + 28 = 4*z - 2*t, 3*z - 3*t = 24. What are the prime factors of z?
2
Let a(p) be the first derivative of p**3/3 - 3*p**2/2 - 7. Suppose 5*l - 3*v + 8 = 42, -l - 3*v = 4. What are the prime factors of a(l)?
2, 5
Let f(w) = w**3 + 2*w**2 - 1. Let o be f(-2). Let m be 1*-1 - (1 - o). Let b = 7 + m. List the prime factors of b.
2
Suppose 0 - 33 = 3*y. Let r = y - -27. What are the prime factors of r?
2
Let o(j) = 4*j - 1. Let h be (-10)/(-14) + 4/14. Let c be o(h). Suppose -u = 5*l - 23, -15 - 6 = -3*u - c*l. List the prime factors of u.
3
Let t = -47 + 77. Suppose 5*g - t = 35. What are the prime factors of g?
13
Suppose 0*h = 4*h. Suppose h = 2*z - 5*q - 50, 5*z + 4*q = 2*q + 67. What are the prime factors of z?
3, 5
Let r be -16 + (-1)/3*-3. List the prime factors of ((-18)/r + 0)*10.
2, 3
Let s(x) = -4*x - 5. Let y be s(-7). Suppose -17 = 4*f + 4*u - 61, f = 5*u + y. List the prime factors of f.
13
Let r = 63 - 15. List the prime factors of r.
2, 3
Let i = 98 + -46. List the prime factors of i.
2, 13
Let o(y) = y**3 - 5*y**2 - 2*y + 7. Let h be o(5). Let m = 9 + h. What are the prime factors of m?
2, 3
Let g be 3 + 1 + 1*-2. Let w be 1 + g/(3/3). Suppose w*t + 6 - 15 = -b, 5*t + 27 = 3*b. What are the prime factors of b?
3
List the prime factors of (-2)/(-4)*138/3.
23
Let l(t) = -2*t - 4. Let p be l(-6). Let n(o) = -o + 9. Let j be n(p). Let z = 12 - j. List the prime factors of z.
11
Let v(q) = q + 7. Let t be v(-9). Let n be 0/(1 + t*1). Suppose n*f + f - 2 = 0. List the prime factors of f.
2
Let i(m) = m**3 - 5*m**2 - 7*m - 8. Let d be i(6). What are the prime factors of ((-36)/14)/(2/d)?
2, 3
Let h be (16/(-3))/((-2)/(-123)). Let x be h/(-18) + 4/(-18). List the prime factors of (2 - 8/6)*x.
2, 3